{"id":346,"date":"2026-02-12T14:56:17","date_gmt":"2026-02-12T13:56:17","guid":{"rendered":"https:\/\/vac.s11.fr\/?page_id=346"},"modified":"2026-02-16T13:00:30","modified_gmt":"2026-02-16T12:00:30","slug":"service-de-leau","status":"publish","type":"page","link":"https:\/\/www.vivier-au-court.fr\/?page_id=346","title":{"rendered":"Services d&rsquo;eau et d&rsquo;\u00e9lectricit\u00e9"},"content":{"rendered":"\n<h2 class=\"wp-block-heading is-style-default has-text-color has-link-color has-large-font-size wp-elements-1940b2d3cebebe20efafb5033526a7ce\" style=\"color:#0609a5;padding-top:var(--wp--preset--spacing--20);padding-bottom:var(--wp--preset--spacing--20)\"><strong>Services d&rsquo;eau<\/strong><\/h2>\n\n\n\n<p class=\"has-small-font-size\">Depuis le 1er f\u00e9vrier 2014, la communaut\u00e9 d&rsquo;Agglom\u00e9ration de Charleville-M\u00e9zi\u00e8res \/ Sedan assure la gestion du service de l&rsquo;eau potable dans la commune<\/p>\n\n\n\n<p class=\"has-small-font-size\">A compter de cette date, l&rsquo;exploitation des infrastructures de distribution de l&rsquo;eau potable, la rel\u00e8ve de vos compteurs d&rsquo;eau ainsi que la facturation prochaine de votre consommation se fera par les services de la Communaut\u00e9 d&rsquo;Agglom\u00e9ration.<\/p>\n\n\n\n<h2 class=\"wp-block-heading is-style-default has-text-color has-link-color has-medium-font-size wp-elements-b8eccb6bb2221afe6306f56d7ccab68b\" style=\"color:#0609a5;padding-top:var(--wp--preset--spacing--20);padding-bottom:var(--wp--preset--spacing--20)\">Abonnement &#8211; Rel\u00e8ve &#8211; Facturation<\/h2>\n\n\n\n<div class=\"card-mediatheque\">\n    <h3>Direction de l&rsquo;eau et l&rsquo;assainissement unit\u00e9 \u00ab\u00a0abonnement-rel\u00e8ve-facturation<\/h3>\n    \n    <div class=\"info-item\">\n        <span class=\"icon\">\ud83d\udccd<\/span>\n        <p>49 avenue L\u00e9on Bourgeois &#8211; BP 30559<br>08003 CHARLEVILLE-MEZIERES cedex<\/p>\n    <\/div>\n\n    <div class=\"info-item\">\n        <span class=\"icon\">\ud83d\udcde<\/span>\n        <p>03-24-57-83-10<\/p>\n    <\/div>\n\n   \n    <div class=\"horaires-mini\">\n        <strong>Horaires d&rsquo;accueil<\/strong>\n        <span>8h30-12h00 13h30-17h30<\/span>\n    <\/div>\n<\/div>\n\n\n\n<h2 class=\"wp-block-heading is-style-default has-text-color has-link-color has-medium-font-size wp-elements-2cbbd9f699b0d93ffa983c95dcff61b1\" style=\"color:#0609a5;padding-top:var(--wp--preset--spacing--20);padding-bottom:var(--wp--preset--spacing--20)\">Intervention technique pour l&rsquo;eau potable<\/h2>\n\n\n\n<div class=\"card-mediatheque\">\n    <h3>Centre technique de l&rsquo;eau<\/h3>\n    \n    <div class=\"info-item\">\n        <span class=\"icon\">\ud83d\udccd<\/span>\n        <p>9 place Marceau<br>08000 CHARLEVILLE-MEZIERES<\/p>\n    <\/div>\n\n    <div class=\"info-item\">\n        <span class=\"icon\">\ud83d\udcde<\/span>\n        <p>03.24.57.13.78<\/p>\n    <\/div>\n\n   \n    <div class=\"horaires-mini\">\n        <strong>Horaires d&rsquo;accueil<\/strong>\n        <span>8h00-11h45 13h00-17h00<\/span>\n    <\/div>\n<\/div>\n\n\n\n<h2 class=\"wp-block-heading is-style-default has-text-color has-link-color has-medium-font-size wp-elements-01a5e7f77f02f61ad1fbdb4809ad6e43\" style=\"color:#0609a5;padding-top:var(--wp--preset--spacing--20);padding-bottom:var(--wp--preset--spacing--20)\">Intervention d&rsquo;urgence<\/h2>\n\n\n\n<p class=\"has-small-font-size\">Un service d&rsquo;astreinte est en place et r\u00e9pond \u00e0 vos demandes en dehors des heures ouvr\u00e9es, 7j\/7, en cas de probl\u00e8me majeur sur votre branchement ou syst\u00e8me de comptage.<\/p>\n\n\n\n<p class=\"has-small-font-size\">Il vous suffit pour cela d&rsquo;appeler le 03.24.57.13.78 o\u00f9 vous serez mis en relation avec un r\u00e9pondeur qui vous demandera de choisir l&rsquo;astreinte EAU.<\/p>\n\n\n\n<p class=\"has-small-font-size\">Votre communication sera bascul\u00e9e sur le t\u00e9l\u00e9phone de l&rsquo;agent d&rsquo;astreinte du service de l&rsquo;eau qui interviendra \u00e0 votre domicile sous 2 heures en cas d&rsquo;urgence.<\/p>\n\n\n\n<h1 class=\"wp-block-heading is-style-default has-text-color has-link-color has-large-font-size wp-elements-76a0e33bb7a8ecbad8a5613f5246f5c6\" style=\"color:#0609a5;padding-top:var(--wp--preset--spacing--20);padding-bottom:var(--wp--preset--spacing--20)\"><strong>Gestionnaire de r\u00e9seau \u00e9lectrique<\/strong><\/h1>\n\n\n\n<p class=\"has-small-font-size\">Depuis 2016, ERDF a chang\u00e9 de nom pour Enedis, le gestionnaire de r\u00e9seau conserve les m\u00eame missions. Le num\u00e9ro d&rsquo;urgence d\u00e9pannage dans votre d\u00e9partement est le 09.72.67.50.08&nbsp;<\/p>\n\n\n\n<p class=\"has-small-font-size\">site :&nbsp;<a href=\"http:\/\/www.enedis.fr\/\" target=\"_blank\" rel=\"noreferrer noopener\">http:\/\/www.enedis.fr\/<\/a><\/p>\n\n\n\n<p class=\"has-small-font-size\">Ses missions sont divers mais ne consiste en aucun cas \u00e0 vendre de l\u2019\u00e9nergie. On parle bien du gestionnaire de r\u00e9seau. Celui ci s&rsquo;occupe de la mise en place du r\u00e9seau, de l&rsquo;entretien du r\u00e9seau Fran\u00e7ais, des d\u00e9pannages etc&#8230; Lors d&rsquo;un probl\u00e8me sur votre r\u00e9seau ou le raccordement d&rsquo;un logement il faut contacter Enedis. Vous trouverez&nbsp;<a href=\"https:\/\/www.fournisseurs-electricite.com\/guides\/telephone\/electricite\" target=\"_blank\" rel=\"noreferrer noopener\">ici&nbsp;<\/a>la liste de tous les num\u00e9ros des diff\u00e9rents services Enedis.&nbsp;<\/p>\n\n\n\n<p class=\"has-small-font-size\">Lors de votre entr\u00e9e dans un logement, il vous faut choisir entre les diff\u00e9rents fournisseurs \u00e0 votre disposition pour ouvrir la ligne \u00e9lectrique \u00e0 votre nom. Enedis ne s&rsquo;occupe pas de cette d\u00e9marche il faut bien joindre un fournisseur. Vous trouverez toutes les informations sur l&rsquo;agence de proximit\u00e9 sur ce&nbsp;<a href=\"https:\/\/selectra.info\/demenagement\/annuaire\/ardennes\/vivier-au-court\" target=\"_blank\" rel=\"noreferrer noopener\">lien<\/a>.<\/p>\n\n\n\n<p class=\"has-small-font-size\">Si vous disposez d&rsquo;une installation de gaz, le principe est le m\u00eame. Le gestionnaire de r\u00e9seau est GRDF \u00e0 ne pas confondre avec Engie (GDF) qui est un fournisseur parmi d&rsquo;autre. Lors d&rsquo;un probl\u00e8me sur votre installation de gaz ou pour un raccordement il vous faut joindre GRDF dont vous trouverez tous les num\u00e9ros d&rsquo;urgence&nbsp;<a href=\"https:\/\/www.kelwatt.fr\/guide\/compteur\/enedis-grdf\" target=\"_blank\" rel=\"noreferrer noopener\">ici<\/a>.<\/p>\n","protected":false},"excerpt":{"rendered":"<p>Services d&rsquo;eau Depuis le 1er f\u00e9vrier 2014, la communaut\u00e9 d&rsquo;Agglom\u00e9ration de Charleville-M\u00e9zi\u00e8res \/ Sedan assure la gestion du service de l&rsquo;eau potable dans la commune A compter de cette date, l&rsquo;exploitation des infrastructures de distribution de l&rsquo;eau potable, la rel\u00e8ve de vos compteurs d&rsquo;eau ainsi que la facturation prochaine de votre consommation se fera par [&hellip;]<\/p>\n","protected":false},"author":1,"featured_media":0,"parent":0,"menu_order":0,"comment_status":"closed","ping_status":"closed","template":"page-secondaire","meta":{"footnotes":""},"class_list":["post-346","page","type-page","status-publish","hentry"],"_links":{"self":[{"href":"https:\/\/www.vivier-au-court.fr\/index.php?rest_route=\/wp\/v2\/pages\/346","targetHints":{"allow":["GET"]}}],"collection":[{"href":"https:\/\/www.vivier-au-court.fr\/index.php?rest_route=\/wp\/v2\/pages"}],"about":[{"href":"https:\/\/www.vivier-au-court.fr\/index.php?rest_route=\/wp\/v2\/types\/page"}],"author":[{"embeddable":true,"href":"https:\/\/www.vivier-au-court.fr\/index.php?rest_route=\/wp\/v2\/users\/1"}],"replies":[{"embeddable":true,"href":"https:\/\/www.vivier-au-court.fr\/index.php?rest_route=%2Fwp%2Fv2%2Fcomments&post=346"}],"version-history":[{"count":9,"href":"https:\/\/www.vivier-au-court.fr\/index.php?rest_route=\/wp\/v2\/pages\/346\/revisions"}],"predecessor-version":[{"id":692,"href":"https:\/\/www.vivier-au-court.fr\/index.php?rest_route=\/wp\/v2\/pages\/346\/revisions\/692"}],"wp:attachment":[{"href":"https:\/\/www.vivier-au-court.fr\/index.php?rest_route=%2Fwp%2Fv2%2Fmedia&parent=346"}],"curies":[{"name":"wp","href":"https:\/\/api.w.org\/{rel}","templated":true}]}}